ghest common factor of u and 110?
22
Suppose 0 = 5*j + 1 - 6. Let y be 8*j/3*3. Calculate the highest common divisor of 40 and y.
8
Suppose 4*j + 0*j + 2*p + 6 = 0, 9 = -3*p. Suppose 2*m + j*m = 0. Suppose 17 = 3*g + 4*t, -2*t - 5 - 3 = m. Calculate the greatest common factor of 77 and g.
11
Suppose 0 = -27*q - 13*q + 1040. What is the highest common divisor of q and 117?
13
Let d(p) = -6*p**3 + 2*p**2 - 1. Let s be d(-1). Let z = 36 - 21. Suppose z*j - 17*j = -154. Calculate the greatest common factor of j and s.
7
Let d(w) = -2*w - 29. Let l be d(-20). Suppose -16*k = -l*k - 1155. What is the greatest common factor of k and 21?
21
Let f be (145/10)/((-2)/(-4)). Let s = 62 - f. Calculate the highest common divisor of 3 and s.
3
Let k(j) = 13*j + 29. Let m(z) = 27*z + 59. Let q(n) = -13*k(n) + 6*m(n). Let u = -186 + 177. Let y be q(u). Calculate the highest common factor of 5 and y.
5
Suppose 5*j - 77 = 163. Suppose 3*k + 13 + 14 = 0. Let h be 2/(-1 + k/(-8)). Calculate the highest common factor of j and h.
16
Let v be -104*(-1 + (-1)/(-2)). Suppose j + 16 = v. Calculate the highest common factor of j and 12.
12
Suppose 340 = 6*q - 1292. What is the greatest common factor of 170 and q?
34
Suppose 68*b - 80 = 66*b. Suppose -5*x - 2*n + 3*n = -28, 4*x = 5*n + 35. Calculate the highest common divisor of b and x.
5
Suppose -3*s - 9 = -81. Suppose 36 = -k + 4*k. Suppose 0 = -4*o - 5*f + k, -2*o + 5*f + 0*f = -6. What is the highest common factor of o and s?
3
Suppose -5*c - 6 = -221. Let r be (c - -1) + (-10 - -4 - -4). Calculate the highest common divisor of 3 and r.
3
Suppose -4*i = i. Suppose -t + 3*t + 4 = i. Let k be 3 - (-1)/(t/(-24)). Calculate the highest common factor of 3 and k.
3
Let q(d) = -34*d - 29. Let v be q(-6). Calculate the highest common factor of v and 75.
25
Let d(z) = 7*z - 33. Let n be d(-8). Let b = 153 - n. Calculate the highest common divisor of 22 and b.
22
Suppose -96 = -6*b + 72. Suppose 3*o - 7 = -1. Let a be (-66)/(-15) + o/(-5). What is the highest common factor of a and b?
4
Let w be 2/16 + 4746/48 + 5. Calculate the greatest common divisor of 260 and w.
52
Let h be (-130)/(-11) + (-18)/(-99). Let x be 333/(-6)*(-8)/h. What is the greatest common divisor of 407 and x?
37
Suppose 3*u - 35 = -2*k - 2*u, -103 = -5*k + 3*u. Let i(l) = 11*l**2 - 24*l**2 + 3*l + k*l**2. Let r be i(3). What is the highest common factor of 18 and r?
18
Let y be -1*(-1 - 1/2*-2). Suppose -3*c + 126 - 84 = y. Suppose -m = -78 - 20. Calculate the highest common factor of c and m.
14
Let i be (2/(-6))/((138/324)/(-23)). Let x be ((-36)/(-10))/(4/10). What is the highest common divisor of i and x?
9
Let h = 203 - 136. Calculate the highest common divisor of h and 335.
67
Suppose -2*b - 6*b + 16 = 0. Let y be b/(-4) - (-110)/20. Calculate the highest common factor of y and 10.
5
Let p = 5 - -13. Let a(s) = -s**2 - 3*s + 20. Let n be a(0). Suppose -n = -2*z - 2. Calculate the greatest common factor of z and p.
9
Let r = -691 + 700. What is the highest common divisor of r and 3?
3
Let j(h) = -13*h - 9. Let u be j(-4). Suppose -u = 4*c + c + 2*i, -4*i + 49 = -5*c. Let d = c + 22. What is the highest common factor of 26 and d?
13
Let t = -358 - -450. Calculate the greatest common factor of t and 115.
23
Let v(c) = c**2 + 6*c - 25. Let u be v(-9). Let g = -27 - -45. What is the greatest common divisor of u and g?
2
Let n be 24*(3 + -2) - -1. Let q(u) = u**2 - 1. Let t be q(-2). Suppose 5*z - 4*h - 803 = 334, 4*h + 687 = t*z. What is the greatest common factor of z and n?
25
Let o be (-165)/(-30) - (-3)/(-2). Let j(a) = -a**2 + 9*a - 6. Let c be j(6). What is the highest common divisor of c and o?
4
Let q(x) = 29*x**2 + 1. Let s be q(-1). Let d = 16 - -34. Suppose -3*r - 2*r = -d. Calculate the highest common factor of r and s.
10
Suppose 3*a - 30 = 8*a. Let p be (a/5)/(3/(-15)). What is the greatest common divisor of p and 12?
6
Let t be (-18 + 15)/(-2 + (-1226)/(-616)). Calculate the greatest common factor of 77 and t.
77
Let f be 1*32*(-85)/(-34). Calculate the highest common divisor of f and 720.
80
Let n = 357 - 332. What is the highest common divisor of 5 and n?
5
Suppose 0 = 5*k - 2*j + 33, -k + 2*j - 9 = -4. Let c = 12 + k. Suppose -3*n = 0, 2*u - c*n = -2*u + 4. What is the greatest common factor of u and 8?
1
Let j be 13/(-143) + (-630)/(-33) + 0. Calculate the greatest common divisor of j and 494.
19
Let u be ((-62)/(-4))/((-39)/(-78)). Calculate the highest common factor of 155 and u.
31
Suppose -5*y + 60 + 5 = -5*t, 4*t - 76 = -4*y. Let l(h) = -h**2 - 4*h + 9. Let r be l(3). Let u = y + r. Calculate the greatest common divisor of 20 and u.
4
Let c(u) = 199*u**2 + 58*u + 118. Let q be c(-2). Calculate the highest common factor of 152 and q.
38
Let s = -690 - -723. Let o be (11/(-2))/((-2)/4). Calculate the greatest common factor of s and o.
11
Let s(f) = 4*f + 1. Let x(d) = d + 1. Let o(j) = -2*s(j) + 6*x(j). Let p be o(-3). Calculate the highest common factor of 15 and p.
5
Let p(o) = -3*o**2 + 185*o + 90. Let d be p(62). What is the highest common divisor of d and 182?
14
Let u = 570 - 494. Calculate the greatest common factor of u and 12.
4
Let n(z) = 10*z - 5. Let q(x) = 2*x + 7. Let d be q(-3). Suppose -d = -5*o + 24. Let h be n(o). Calculate the highest common factor of 30 and h.
15
Suppose f = -3*q + 27, 14 = 7*f - 5*f - 2*q. Suppose 4*z = 4*z - 7*z. Suppose -3*j + 407 - 11 = z. What is the highest common divisor of j and f?
12
Let y = -51 + 46. Let w(q) = 1 + 7*q + 4 - 1 + 7*q**2. Let i be w(y). Calculate the highest common factor of 16 and i.
16
Let a(d) = d**3 - d**2 - 2*d - 1. Let r be a(-2). Let i = 16 + r. What is the highest common factor of i and 49?
7
Suppose 0 = -2*d + 242 + 592. Let g = -257 + d. Calculate the highest common divisor of 32 and g.
32
Let i(p) = 3*p**2 - 43. Let s be i(-5). Calculate the highest common factor of s and 352.
32
Let h be (-2300)/(-276)*18/10. Suppose 15 = -s - 5*w, 3*s - 4*w - 21 = 2*s. Let z be (-2)/s + 17/5. Calculate the greatest common factor of z and h.
3
Let v be ((-108)/10)/(1*(-3)/15). What is the highest common divisor of 18 and v?
18
Suppose 9*m - 8*m = 3*z + 36, 0 = -2*m + 3*z + 75. What is the highest common divisor of m and 1599?
39
Let v(i) = i**2 + 6*i - 3. Let n be v(-7). Let t be (-7810)/(-130) - (-2)/(-26). What is the greatest common factor of t and n?
4
Let l be 184 + -6 + 3 + 15. Suppose -2*k - 3*k = -245. Calculate the highest common divisor of l and k.
49
Let x be (3/(-2))/(-3) - 180/(-72). What is the highest common divisor of 195 and x?
3
Let u(i) = 11*i**3 - 7*i**2 + i + 10*i - 12 - 10*i**3. Let d be u(8). What is the greatest common divisor of d and 20?
20
Let d be 4 + (0 - -1)*1. Suppose 7*n - 28 = 3*n. Let k(y) = 2*y - 9. Let b be k(n). Calculate the greatest common divisor of d and b.
5
Let v = -79 - -87. Calculate the greatest common divisor of 200 and v.
8
Let b be (0 - -14)*(-504)/(-144). Calculate the highest common factor of b and 343.
49
Suppose -23*c + 25*c = g - 31, -3*g = 3*c - 48. What is the highest common factor of g and 672?
21
Let b = -300 - -336. Calculate the highest common factor of b and 117.
9
Let i be ((-8)/(-12))/((-4)/12). Let k be (i/(-1))/(26/2925). What is the greatest common divisor of k and 25?
25
Suppose -15*r + 17*r - 4*l = 56, 4*l = -5*r + 154. What is the greatest common factor of r and 480?
30
Let k(s) = -6*s - 10. Let m be k(-11). Let x be (0 + 0)*(-2)/(-8) + m. What is the highest common divisor of x and 7?
7
Let c(j) = j**3 + 13*j**2 + 4. Let w be c(-13). Suppose -t = t - w. Calculate the greatest common factor of t and 1.
1
Suppose -j + 2 - 1 = 0, -5*c - j + 16 = 0. Let h(m) = 6*m**2 - 9*m + 11. Let r be h(c). Calculate the highest common divisor of r and 19.
19
Let u(h) = 5*h**2 - 3*h + 3. Let x be u(3). Suppose 3*l + 46 + 2 = 0. Let y be l/24 + 123/9. What is the greatest common factor of x and y?
13
Let l be (-96)/(-6)*2/8. Let u be -1 + l/(-4) - -12. Calculate the greatest common factor of u and 25.
5
Suppose -4*x = -5*i - 40, x - 2*x - 15 = 5*i. Let w(l) = 1 - 9*l - 1 + l**3 + 2 + 0*l - 8*l**2. Let b be w(9). What is the greatest common divisor of b and x?
1
Suppose -18*g + 29*g = 2079. Calculate the highest common divi